 - q + q + t - 83. Give c(-9).
6
Let z(o) = o**3 + 5*o**2 - 6*o + 5. Let y(x) = 4*x**2 + 27*x + x - 5*x**2 - 28 + 19. Let a be y(24). Suppose 93 - a = -d. Calculate z(d).
5
Let h(k) be the second derivative of -k**7/840 - k**6/60 - k**5/20 + 2*k**3 - 40*k + 1. Let p(n) be the second derivative of h(n). Determine p(-4).
-8
Let g(y) = 12*y - 12. Let n be g(-10). Let i = n + 129. Let w(r) = -r**3 - 3*r**2 + r + 3. What is w(i)?
0
Let c(g) = -g**3 + 31*g**2 - 26*g - 129. Suppose -4*l = 5*x - 150, 70*x - 67*x - 2*l = 90. Determine c(x).
-9
Let u(s) be the second derivative of s**2 + 3/2*s**3 + 2 - 30*s. Determine u(-1).
-7
Let t(y) = -4*y - 2. Suppose 2*i = 4*c + 416, c + 0*i + 99 = 3*i. Let q = 98 + c. Let z(d) = -d - 1. Let v(r) = q*z(r) + 2*t(r). Give v(7).
-4
Let r(v) = -4*v**2 + 3*v - 2. Let i(d) = d**2 + d - 1. Let n(c) = -3*i(c) + r(c). Let m = 1386 + -1387. Determine n(m).
-6
Let n(u) = -u**2 + 8*u - 2. Let t be (-2 - -71*2)*36/(-30). Let i = -161 - t. Give n(i).
5
Let g(h) = 11*h**3 + 2*h**2 - 1. Let i = -63 + 83. Suppose 5*b - i = -5*s, -9 = -0*s + 4*s - b. Determine g(s).
-10
Let l(n) = n**2 + 9*n + 4. Let x(d) = -3*d**3 + 37*d**2 - 9*d - 14. Let t be x(12). Suppose 19*z + 12 = t*z, -5*k - z - 36 = 0. Determine l(k).
-4
Let y(p) = -2*p**3 - 6*p**2 - 7*p + 1. Let u(c) = -2*c**3 - 6*c**2 + 6 - 5 - 226*c + 218*c - c**2. Let b(j) = -5*u(j) + 6*y(j). Give b(-2).
17
Let x(c) = c**3 + 8*c**2 + 15*c + 24. Let a be x(-6). Let t(s) = -s**3 + 8*s**2 - 2. What is t(a)?
70
Suppose -u - 4*u + 50 = 0. Let v(d) = 139 - u*d**2 - 73 - 67. Suppose 0 = j - 5*j - 4. Give v(j).
-11
Let t(l) = -l**3 - 13*l**2 - 24*l - 23. Let a be -1 + (180/(-8))/(-15) - 46/4. Give t(a).
-1
Suppose 0 = 8*h - 5*h - 6. Let o(u) = 29*u**2 - 53*u - 17. Let l(x) = -9*x**2 + 16*x + 5. Let i(a) = -7*l(a) - 2*o(a). Calculate i(h).
7
Let r(k) = k + 1. Let b = -37 - -47. Suppose 5*a = -l + b - 0, -8 = 4*a + 4*l. Let m(z) = -2*z - 9. Let u(q) = a*r(q) + m(q). Determine u(3).
-3
Let o(d) = -8335*d**2 + 43 + 4218*d**2 + 12*d - d**3 - 52*d + 4157*d**2. Give o(39).
4
Let c(k) = 5*k**2 + 0*k**2 + 1102*k - 1123*k. Let f(q) = 9*q**2 - 38*q. Let j(m) = -5*c(m) + 3*f(m). Determine j(6).
18
Let m(x) be the third derivative of -5*x**4/24 + 14*x**3/3 - 1170*x**2. What is m(4)?
8
Let g(u) = 13*u**3 + 8*u**2 + 17*u - 25. Let d(x) = 8*x**3 + 5*x**2 + 11*x - 14. Let s(o) = -8*d(o) + 5*g(o). What is s(0)?
-13
Suppose -3*q + 47 = 4*b, -5*q + 3*b + 31 - 1 = 0. Let v(f) = 350*f - 1 + 6 + 340*f - 1046*f + 348*f + f**2. What is v(q)?
14
Let r(m) = 223*m**3 - 1. Let b be r(1). Let p = 228 - b. Let g(n) = 2*n**2 - 8*n + 9. Determine g(p).
33
Let r = 1 + -2. Let c(v) = 2*v - 9. Let k(n) = n - 5. Let x(s) = -6*c(s) + 11*k(s). Let h(t) = 3*t + 14. Let f(z) = r*h(z) - 4*x(z). What is f(7)?
-3
Let r be (10/(-65) - (-40)/91)/(24/14). Let f(t) be the third derivative of 14*t**2 + 0*t + r*t**4 - 1/2*t**3 + 0 + 1/60*t**5. Give f(2).
9
Let g(m) = -53*m**3 - m**2 + 10*m - 9. Let l(a) = 56*a**3 + a**2 - 7*a + 7. Let k(x) = -3*g(x) - 4*l(x). Calculate k(-1).
65
Let l be -3 - (-39)/(-6) - (65/(-26) - -3). Let y(u) = -2*u**3 - 21*u**2 - 13*u - 5. Give y(l).
25
Let q(r) = -r**2 + r + 2. Suppose -18*v = -140 - 2146. Let m = v - 125. What is q(m)?
0
Suppose 2208 = 2*y + 10*y. Suppose 5*a + y = -241. Let o = a + 86. Let z(i) = -12*i**3 - 2*i**2 + i. What is z(o)?
-13
Let m(c) = -19*c - 135. Let q be m(-7). Let h(b) = -6*b**2 - 5*b - 7. What is h(q)?
-21
Let u(q) be the first derivative of q**4/4 + 4*q**3/3 + 7*q**2/2 + 4*q - 2099. Calculate u(-2).
-2
Let d(i) = 5*i - 130. Let c be (-280)/84*(-126)/15. Let y be d(c). Let j(w) = -w**2 + 11*w - 13. What is j(y)?
-3
Let v(w) = -w**2 - 4*w + 2. Let h be v(-3). Let y = -247 + 421. Let a(t) = 5*t - t - 2 + 175*t**3 + 7 - 6*t**2 - y*t**3. Determine a(h).
0
Let i(a) = a**2 - 2*a - 4. Let h be i(3). Let v be (-4)/(0 + 1 - 2) + 3. Let t(d) = 0*d**2 - 69*d + 34*d + v*d**2 + 34*d. What is t(h)?
8
Let p(v) be the second derivative of -v**4/12 + v**3 + 5*v**2/2 + 136*v + 66. Suppose -4*z - 4 + 24 = 0. Determine p(z).
10
Let k(w) = -w**3 - 44*w**2 + 503*w - 238. Let i be k(9). Let c(o) be the first derivative of -2*o**3/3 - 5*o**2/2 - 5*o + 1. Determine c(i).
-17
Let w(x) be the third derivative of x**6/120 - x**5/15 - x**4/12 + x**3/6 + 403*x**2. Let v be (-480)/260 - (-2)/(-13). Give w(v).
-19
Let t(i) be the first derivative of -i**4/4 - 11*i**3/3 - 4*i**2 + 13*i + 53199. Suppose -15 = 3*n - 3*d + 15, n + 4*d + 10 = 0. What is t(n)?
-7
Let i(h) = -h + 5. Let z be i(-6). Let q(o) = 9*o + 2*o - z*o + 2*o. Determine q(-1).
-2
Let v = -31877 - -31877. Let m(o) = -1 + 2 - o - 7. Determine m(v).
-6
Let h(d) = -19*d + 35*d - 21*d + 53. Let b be h(10). Let z(v) = -1 + 16*v - 17*v + 0*v**b + v**3. Determine z(2).
5
Let b(u) = 99*u**2 + 23*u - 47*u**2 - 48*u**2 + 23*u + 14 - 59*u. Calculate b(1).
5
Let u(g) = 1139*g + 4549. Let s be u(-4). Let m(k) = -k**2 - 3. Determine m(s).
-52
Let f(q) be the third derivative of 2 - 5/8*q**4 + 1/120*q**6 - 77*q**2 - 7/30*q**5 + 2/3*q**3 + 0*q. Determine f(15).
4
Let u(m) = -25*m**2 + 0*m**3 + 5*m - 9 + 36*m**2 + 8*m - m**3. Let t(g) = -g**3 - 23*g**2 - 42*g + 12. Let v be t(-21). Calculate u(v).
3
Let l(v) = v**3 - 4*v**2 + v - 2. Suppose -32 = -3*i + 79. Let s be (-482)/(-12) + (-6)/36. Let q = s - i. Determine l(q).
-8
Let g(c) = c - 12. Let p(n) be the second derivative of -19*n**4/3 + 2*n**3/3 + 3*n**2/2 - 10*n. Let k be p(-1). Let r = -69 - k. Determine g(r).
-4
Let r(y) = y + 20. Let b(n) = -7*n - 18. Let x(u) = -13*u - 37. Let l(j) = 11*b(j) - 6*x(j). Let v be l(-24). Determine r(v).
20
Let b = -14662 - -14659. Let y(q) be the second derivative of q**3 + 7*q**2/2 - q. Give y(b).
-11
Let y(l) = l**3 - 3*l**2 - 5*l - 1. Let v = -5036 - -5040. Calculate y(v).
-5
Let v(h) be the second derivative of -5/6*h**3 - 1/20*h**5 - 209*h + 0 - 7/12*h**4 + 4*h**2. Calculate v(-6).
2
Let f(r) = r - 2. Let w(c) = -c**3 + 8*c**2 + 6*c + 34. Let b = -67 + 76. Let j be w(b). Suppose 4 = 11*m - j. What is f(m)?
-1
Let r(k) = -k**2 - k + 6. Let v(c) = -c**2 - 85*c - 400. Let n be v(-5). What is r(n)?
6
Let f = 9 + 20. Suppose 13 = f*b - 16*b. Let d(j) = 15*j**3 - j**2 + j - 1. What is d(b)?
14
Let d = 2323 - 2324. Let o(u) = -64*u - 1. Give o(d).
63
Let p(u) = u**2 + u + 1. Let y be (27/(-15))/(9/15). Let j(v) = 4*v**2 - 7*v + 1. Let l(d) = y*p(d) + j(d). Calculate l(11).
9
Let v(u) = -u**3 + 7*u**2 + 10*u - 10. Let i(g) = -25*g + 983. Let c be i(39). Calculate v(c).
6
Let i(d) = d**2 - 2*d**2 + 145*d - 84*d - 69*d - 10 + 6*d**2 + 2*d**3. What is i(-3)?
5
Let z(g) = -g**3 + 6*g**2 + 3*g + 1. Let h(a) = 2*a. Let v(f) = 5*f + 63. Let r be v(-12). Let q be h(r). What is z(q)?
19
Let f(l) be the third derivative of -26 + 1/60*l**5 - 1/6*l**4 - l**2 + 0*l + 4/3*l**3. Determine f(3).
5
Suppose 0 = -4*x - 3*z + 107, -59 = -5*x + 4*z + 36. Let q(l) = 2*l**2 - 46*l. Calculate q(x).
0
Let s(v) = -3727 + 1855 + 18*v**2 - 15*v - v**3 + 1856. Calculate s(17).
18
Let k be 16/(-20)*7/((-42)/15). Let d(x) = 0*x**k - 2*x**2 - 25*x + 2*x**2 + 1 - x**2 + 28*x. Suppose -5*l + 6*l = c + 3, -5*l + 17 = -4*c. Give d(l).
-9
Let v(j) = j**3 - j**2 + j + 4. Let b(o) be the third derivative of 0*o**4 - 1/60*o**5 + 6*o**2 + 0*o + 1/6*o**3 + 0. Let x be b(1). What is v(x)?
4
Suppose 370 + 732 + 158 = 70*p. Let t(q) = 3*q**2 - 52*q - 43. Give t(p).
-7
Suppose -4*y + 10 = 5*a - 11, 5*y + a = 21. Let b(d) = d**2 - d - 1. Let s(v) = -v**3 + 10*v**2 - 5*v - 11. Let q(c) = -6*b(c) + s(c). Calculate q(y).
-1
Let k(t) be the third derivative of t**5/12 - t**4/24 + t**3/2 - 4*t**2 - 119. Determine k(-5).
133
Let l(a) = 37*a - 79. Let o = -24303 + 24305. Determine l(o).
-5
Suppose -407 = -3*f + 2*r, -f + 2*r + 38 = -95. Let h(n) = 4*n - n**2 - f + 289 - 144. Give h(8).
-24
Let d(c) = -c**3 - 3*c**2 - 8*c + 20. Let a(h) = -6*h**3 - 13*h**2 - 44*h + 101. Let g(u) = 2*a(u) - 11*d(u). Give g(6).
18
Let p(w) = 330*w**2 + 3*w - 3. Let o be p(1). Let h = o + -324. Let v(s) = -3*s + 15. What is v(h)?
-3
Let p be 12 + (2 - 3)/(26/520). Let g(r) = -r**3 - 6*r**2 + 6*r + 22. What is g(p)?
102
Suppose 100 = 3*b - 5*b. Let n = b + 53. Let z(w) = w**3 - n*w - 6 - 1 + 5 + 2*w. What is z(-2)?
-8
Let l(k) be the second derivativ